s(7). Calculate t(i).
2
Let q(a) be the first derivative of a**4/4 + a**3 + 2*a**2 + 3*a - 11. Give q(-2).
-1
Let h be (7 - 2)*4/10. Let s(t) = -1 + 7*t**2 + 4*t**h + t**2. Suppose -2*v - 2*x = v + 13, -3*v - 5*x - 28 = 0. What is s(v)?
11
Let b(s) = -s**2 - 7*s - 5. Let x(c) = c**2 - 3*c**3 + 1 - c + c**3 + 3*c**3. Let j be x(1). Suppose 4*d - j*d + 10 = 0. Determine b(d).
5
Let d(m) = -6*m**3 + m**2 + m - 1. Suppose -3*h + 3 = -5*a, 4*a + 5 = 5*h - 0*a. Let z be d(h). Let q(t) = t**3 + 5*t**2. Determine q(z).
0
Suppose 3*x - 14 = 2*u, -2*u + 4*x - 18 = -2. Let h(c) = 3 - c + c + 2*c. Calculate h(u).
-5
Let s(p) = -p**2 - 16*p + 17. Let j be s(-17). Let w(v) = -v + 6. Determine w(j).
6
Suppose -32 = -28*q - 4. Let j(x) be the first derivative of -3*x**4/2 - 2*x**3/3 + x**2/2 - 1. Give j(q).
-7
Let k(b) = -3 + 6 + 9*b - 13*b + b**3 - b**2. Suppose -4*y = -4*r - 16, -4*y + 2 = -3*r - 11. Let c be 3/(r/(-4)) + -2. What is k(c)?
-1
Suppose 0 = -5*f + 4*f + 4. Let t(c) = -c**3 + 7*c**2 + 5*c - 6. Let z(d) = -d**2 - d + 1. Let g(l) = -t(l) - 3*z(l). Determine g(f).
-5
Suppose -4*i + 3*i + 5 = 0. Let y(j) = 4 - j**2 - 7*j**2 - j + 6*j**2 - i. Determine y(-2).
-7
Let g(b) = 2*b + 1. Let l = 10 + -6. Let s be (l/(-5))/((-2)/5). Suppose -2*a - 3*a - s*p + 18 = 0, a = 3*p + 7. Give g(a).
9
Let y(l) = -l - 3. Let u = 0 - -10. Let w be 4/u + 36/10. Suppose 5*r - 24 = 4*c, -w*c + 17 = 3*r - 9*c. Give y(r).
-7
Let k be 23/(-7) + 4/14. Let j(x) be the first derivative of -x**4/24 - x**2 - 1. Let p(n) be the second derivative of j(n). Determine p(k).
3
Let c(d) be the third derivative of -d**5/60 + 7*d**4/24 + d**3 + 7*d**2. Let r(a) be the first derivative of c(a). What is r(6)?
-5
Let z(i) be the third derivative of 1/30*i**5 + 1/3*i**3 - 1/12*i**4 + 0*i + 3*i**2 + 0. Let a be ((-2)/(-3))/((-1)/(-3)). Give z(a).
6
Let t(b) = -2*b - 3. Suppose 4 = d + 8. Give t(d).
5
Let a be 4*-1*(-5)/(-2). Let d be (-3)/5 + 24/a. Let n(y) = 1 + 1 - 2*y - 4. Give n(d).
4
Suppose 7*i = 3*i + 36. Let a(g) = -1 + g**3 + i + 7*g - 7*g. Give a(0).
8
Let j(y) = -2*y**2 - 5*y - 2. Suppose -3*n - 12 = -6*n. Suppose m + 4*m + 10 = 0, 2*m = -n*v - 16. Let o(k) = k**3 + 4*k**2 + 4*k. Let p be o(v). What is j(p)?
-5
Suppose -31*x - 20 = -27*x. Let l(w) = -w - 9. Give l(x).
-4
Let y(i) = i - 1. Suppose 0 = -3*k - 4*o - 19, -o + 21 = -5*k - 5*o. Let x(u) = -u. Let h(p) = k*y(p) + x(p). What is h(-1)?
3
Let t(s) be the first derivative of -s**4/4 - 5*s**3/3 + 3*s**2 - 7*s + 4. Let w be (-4 - -2) + 0 + -4. Calculate t(w).
-7
Let v be 21/(63/(-6))*5/(-2). Let q(z) = z**2 - z + 1. Let x(m) = -3*m**2 - m - 4. Let l(p) = 4*q(p) + x(p). What is l(v)?
0
Let q be (-3)/(-2)*(-32)/(-12). Let n(a) = -11*a**3 + 2 - 1 - 5*a**2 + q*a**2. Calculate n(1).
-11
Let v(z) = 5*z + 1. Let o(u) = -9*u - 1. Let d(i) = 3*o(i) + 5*v(i). Calculate d(-3).
8
Suppose 4*q = -19 - 1, 0 = 5*y - q. Let g(l) = -4*l**2. Give g(y).
-4
Let a(i) = -i + 6*i**3 + 5*i**2 - 5*i**3 + 0*i**3 - 9 + 2*i**2. Give a(-7).
-2
Let x(v) = -3*v - 6. Let z(i) = 1. Let s(b) = x(b) + 5*z(b). Calculate s(1).
-4
Let g(w) be the first derivative of -w**4/4 + 4*w**3/3 - w**2 + 3*w - 1. Calculate g(3).
6
Let f(m) = m**2 - 6*m + 6. Let p be 1*-14 - 2/(-2). Suppose 0 = z + 2, -4*u = z + 7 + 27. Let d = u - p. Determine f(d).
1
Let i(l) be the second derivative of 1/2*l**2 + 2*l + 1/5*l**5 + 0 + 1/6*l**3 + 0*l**4. Determine i(-1).
-4
Let w = -39 + 39. Let h(o) = o + 6. Let q(a) = -1. Let p(d) = h(d) + 6*q(d). What is p(w)?
0
Suppose 0 = -3*n + n + 10. Suppose -n*c + 0 + 9 = -3*a, -3*a = -6. Suppose -2*z + 13 = c*h, -4*z - 6*h = -2*h - 16. Let q(d) = 2*d**2. Calculate q(z).
2
Let j(r) = 5*r**3 + 2*r**2 - 1. Let y = -25 + 26. Give j(y).
6
Let h(f) = f - 10. Suppose -p = 4*j - 3*p - 28, -j = -5*p + 2. Give h(j).
-2
Let i(g) be the third derivative of 2/3*g**3 + 1/8*g**4 + 0 + 2*g**2 + 0*g. Suppose 0 = 2*u - 4*k - 0*k, 0 = 4*u + 5*k + 26. Give i(u).
-8
Let j(g) be the second derivative of g**5/20 + g**4/2 - g**3/6 - 7*g**2/2 - 9*g. What is j(-6)?
-1
Let q(b) = -7*b**3 + 6*b**2 + 9*b + 5. Let w(k) = -3 - 3*k**2 + 5*k**3 - k**3 - 5*k + 0*k. Let h(o) = 3*q(o) + 5*w(o). What is h(4)?
-8
Let m = 3 + -1. Let o(f) = -f + 3. Let i(y) = y - 3. Let k(z) = m*o(z) + 3*i(z). Calculate k(3).
0
Let j(o) = 7 - 3*o + 2*o + 0*o. Suppose 13 = 2*r + y, -2*r + 2 = -5*y - 5. Calculate j(r).
1
Let s(y) = -2*y**3 - 5*y**2 - y + 4. Let i = -131 - -128. What is s(i)?
16
Suppose -g + 3*g - 2 = 0. Suppose 3 - g = s. Let q(l) be the third derivative of l**5/60 - l**4/24 - l**3/3 + l**2. What is q(s)?
0
Let b be (-9)/2*12/(-27). Let c(n) be the second derivative of n**5/40 + n**4/24 + n**3/6 - n. Let s(w) be the second derivative of c(w). What is s(b)?
7
Let r(g) = g**2 + 8*g. Let i be r(-8). Let u(f) = 3 - f**2 + i*f + 0*f + 2*f + f. Calculate u(5).
-7
Let a = -10 + 4. Let n be 2*(15/a - -2). Let q(b) = -1 + 0 - b - 4*b**2 + 0*b. Calculate q(n).
-4
Suppose 0 = 2*u + 2*n - 2, 0 = 4*n - 8 - 4. Let t = 3 + u. Let q(l) = 5*l**3 + l**2 - l. Determine q(t).
5
Let f(j) be the third derivative of j**6/360 - 7*j**5/120 + j**4/4 - j**3 - 8*j**2. Let r(z) be the first derivative of f(z). What is r(6)?
0
Let f(u) = -u**2 + u + 1. Let d(b) = -4*b**2 - 3*b + 10. Let h be -1 - (-7 - (-2 + -1)). Let j(k) = h*f(k) - d(k). Calculate j(-5).
-12
Suppose -5*a + 3*y = 5, -4*a + 15 + 18 = 5*y. Let x(g) = 5*g + 1 + 1 - 3*g**2 - g**a + 3*g**2. Give x(4).
6
Let z(o) = -o - 8. Suppose -4*x + 22 - 54 = 0. Calculate z(x).
0
Let n(u) = 9*u**2 + u - 10*u**2 + 0*u. Let w(m) be the first derivative of -7*m**3/3 - m**2 - 7*m + 1. Let r(l) = -6*n(l) + w(l). Give r(-5).
8
Let n be -2 + 0 + 1 - -5. Let b(v) = v - n*v + v**2 + 2*v - 2*v**2 + 9. Suppose -2*p + 0*p + 2*w = 0, 0 = -2*p - 5*w. Determine b(p).
9
Let w be (-40)/25 - (-6)/(-15). Let k(u) = -4*u - 3. Give k(w).
5
Let p(l) = l**3 - l**2 - l + 10. Let b = 30 + -30. Determine p(b).
10
Let g(a) = -a**2 + 5*a + 5. Suppose -22 = -2*l - 3*u - 4, 2*l - u - 26 = 0. Let j(s) = -s**2 + s - 1. Let z be j(-2). Let v = z + l. Calculate g(v).
5
Let k(p) = 5*p**2 + p + 1. Let r(w) = -14*w**2 - 2*w - 3. Let v(b) = -11*k(b) - 4*r(b). What is v(4)?
5
Let a(v) = -6*v + 15. Suppose -g + 0*g + 5 = 0. Let u(j) = -2 - 4 + j + g. Let f(s) = a(s) + 15*u(s). What is f(-1)?
-9
Let u(b) = -2*b**2. Let j(q) = 3*q**2 - q - 1. Let c(d) = 3*j(d) + 5*u(d). Determine c(-2).
-1
Let k(r) = -r - 1. Let n be (-2 + 1)/((-3)/(-12)*1). Determine k(n).
3
Let l(q) = -q**2 + 4. Suppose -o + 6*o = 20. Determine l(o).
-12
Let d(s) = s**2 - s - 1. Let u(b) = -b**2 + 5*b + 5. Let h(y) = 2*d(y) + u(y). Let x(i) = -i**2 - 3*i - 3. Let t(c) = 3*h(c) + 4*x(c). What is t(-3)?
-3
Let y(w) = -w**3 - 7*w**2 - 9*w - 6. Suppose 30 = -5*m - 0*m. Give y(m).
12
Let m(j) = -2 + 8 + j**3 + 6*j**2 - 4*j - j**2 + 5*j. Determine m(-5).
1
Let p be 0/((-1)/(2/(-4))). Let k(g) = g**3 + g**2 + 1. Let i be k(p). Let w be (i/3)/(2/18). Let d(j) = -j**3 + 3*j**2 + j - 2. Calculate d(w).
1
Let o be 3/(-6) + 3/6. Let y(t) = 2 + 6 - 5 + t**2. Determine y(o).
3
Let q(c) = -c. Suppose -5*k - 3*i - 25 = 0, -3*k - 49 = -4*i - i. Give q(k).
8
Let y(l) = -l**3 - l**2 + l + 2. Let d(i) = 2*i**2 - 9*i - 3. Let f be 19/4 - (-1)/4. Let m be d(f). Determine y(m).
-8
Let f = -18 + -12. Let z be 6/f + (-1)/(-5). Let n(o) = o**2 - o + 6. Give n(z).
6
Suppose 8*z = -2*i + 7*z - 13, 0 = 5*i - 2*z + 10. Let t(s) = s**3 + 3*s**2 - 2*s - 6. Give t(i).
-14
Let r(t) = t - 10. Let f be 2/8 + (-2)/8. Give r(f).
-10
Let f = -12 - -15. Let n(p) be the third derivative of 3*p**2 - 1/6*p**4 - 1/6*p**f + 1/60*p**5 + 0*p + 0. What is n(4)?
-1
Let j(s) be the second derivative of s**4/12 + s**3/3 + 9*s. Give j(-4).
8
Let n(w) = w + 3. Let h(q) be the second derivative of -q**3/3 - 7*q**2/2 - 3*q. Let z be h(-5). Give n(z).
6
Let y(n) = 5*n - 14. Let f(a) = -a**2 + 7*a - 6. Let k be f(7). Let o(w) = -4*w + 13. Let u be (20/(-8))/(1/2). Let d(j) = k*o(j) + u*y(j). Give d(-4).
-4
Let d(t) = t - 5. Let l be d(9). Let w(c) = 0*c**3 - 1 - 2*c + c**3 - 5*c**2 + 4*c. What is w(l)?
-9
Let l(r) = -r**2 - 4*r. Let h(v) = v**2 + 5*v. Let z(t) = -3*h(t) - 4*l(t). Calculate z(-4).
12
Suppose 2*a = -4*q + 10, -q - 4*a - 30 = -3*q. Let c(r) be the first derivative of r**2/2 + 2*